alse
Is 115 a factor of 17710?
True
Is 8 a factor of 9516?
False
Is 292 a multiple of 5?
False
Is 29 a factor of 7221?
True
Is 224 a multiple of 28?
True
Is 38 a factor of 2503?
False
Is 17184 a multiple of 48?
True
Is 114 a factor of 10968?
False
Is 44 a factor of 308?
True
Is 729 a multiple of 31?
False
Does 95 divide 3087?
False
Is 31 a factor of 1860?
True
Is 6765 a multiple of 36?
False
Is 21 a factor of 8442?
True
Does 33 divide 77038?
False
Is 781 a multiple of 11?
True
Does 5 divide 3590?
True
Is 315 a multiple of 7?
True
Does 8 divide 466?
False
Is 112 a factor of 4816?
True
Does 328 divide 161048?
True
Does 99 divide 19273?
False
Is 162 a factor of 22213?
False
Is 14 a factor of 1416?
False
Is 54 a factor of 540?
True
Is 226 a factor of 12325?
False
Does 6 divide 12228?
True
Is 4 a multiple of 2?
True
Is 35575 a multiple of 25?
True
Is 200 a factor of 6600?
True
Is 59 a factor of 413?
True
Is 10 a factor of 3830?
True
Does 102 divide 16320?
True
Is 31 a factor of 1564?
False
Is 24 a factor of 480?
True
Does 10 divide 514?
False
Is 23274 a multiple of 6?
True
Is 29911 a multiple of 373?
False
Is 80960 a multiple of 176?
True
Does 5 divide 9656?
False
Does 10 divide 1913?
False
Is 94 a factor of 5715?
False
Is 88 even?
True
Does 9 divide 5490?
True
Is 7 a factor of 321?
False
Does 23 divide 851?
True
Does 25 divide 6725?
True
Is 6710 a multiple of 61?
True
Is 145 a factor of 12922?
False
Is 16 a factor of 388?
False
Does 25 divide 65500?
True
Is 7 a factor of 182?
True
Does 79 divide 27650?
True
Does 207 divide 7634?
False
Does 77 divide 539?
True
Does 50 divide 9250?
True
Is 55 a factor of 758?
False
Is 45 a multiple of 3?
True
Is 6 a factor of 7787?
False
Is 95 a multiple of 26?
False
Is 104 a multiple of 64?
False
Is 1318 a multiple of 17?
False
Is 181 a factor of 13182?
False
Is 7 a factor of 75?
False
Is 14312 a multiple of 62?
False
Does 12 divide 166?
False
Is 64714 a multiple of 10?
False
Is 29628 a multiple of 4?
True
Is 2 a factor of 676?
True
Does 178 divide 52101?
False
Is 7349 a multiple of 23?
False
Is 3 a factor of 585?
True
Is 121 a factor of 2178?
True
Is 8 a factor of 1672?
True
Does 21 divide 4662?
True
Is 4367 a multiple of 104?
False
Is 21 a factor of 420?
True
Is 1802 a multiple of 72?
False
Is 1062 a multiple of 8?
False
Is 770 a multiple of 14?
True
Does 22 divide 352?
True
Is 11 a factor of 20?
False
Is 3840 a multiple of 12?
True
Is 33 a factor of 2637?
False
Is 165 a factor of 19140?
True
Is 20570 a multiple of 18?
False
Is 26 a factor of 973?
False
Does 13 divide 68952?
True
Is 28 a factor of 13348?
False
Is 37 a factor of 18060?
False
Does 4 divide 4538?
False
Is 7153 a multiple of 23?
True
Is 84227 a multiple of 100?
False
Does 147 divide 6174?
True
Is 9 a factor of 468?
True
Is 10 a factor of 37923?
False
Is 1977 a multiple of 26?
False
Is 59 a factor of 7611?
True
Does 10 divide 2090?
True
Is 4752 a multiple of 26?
False
Is 11 a factor of 3505?
False
Is 2 a factor of 2764?
True
Does 19 divide 112?
False
Is 7426 a multiple of 68?
False
Does 37 divide 5106?
True
Is 79 a factor of 4503?
True
Does 16 divide 9791?
False
Does 23 divide 633?
False
Is 2135 a multiple of 61?
True
Is 34720 a multiple of 28?
True
Is 2841 a multiple of 95?
False
Is 25 a factor of 4516?
False
Does 11 divide 1754?
False
Is 11 a factor of 857?
False
Is 352 a multiple of 41?
False
Is 286 a multiple of 26?
True
Does 22 divide 9592?
True
Is 1690 a multiple of 26?
True
Is 51 a factor of 459?
True
Is 1695 a multiple of 5?
True
Does 63 divide 315?
True
Is 4995 a multiple of 15?
True
Does 18 divide 1386?
True
Is 77 a factor of 855?
False
Is 167 a factor of 3841?
True
Does 16 divide 784?
True
Does 12 divide 10620?
True
Does 61 divide 3782?
True
Does 16 divide 9040?
True
Does 30 divide 40678?
False
Does 4 divide 2626?
False
Is 1090 a multiple of 109?
True
Is 944 a multiple of 16?
True
Is 27 a factor of 1674?
True
Is 17 a factor of 25185?
False
Is 130 a factor of 3250?
True
Does 32 divide 3392?
True
Is 10 a factor of 3570?
True
Is 31 a factor of 1366?
False
Is 27747 a multiple of 44?
False
Is 98 a factor of 4995?
False
Does 12 divide 1728?
True
Is 10067 a multiple of 12?
False
Is 63 a factor of 819?
True
Is 4813 a multiple of 66?
False
Is 6403 a multiple of 7?
False
Is 469 a multiple of 7?
True
Does 32 divide 2020?
False
Does 9 divide 484?
False
Is 25 a factor of 750?
True
Is 7 a factor of 3442?
False
Is 75 a factor of 1444?
False
Is 87 a factor of 8352?
True
Is 17 a factor of 2904?
False
Is 17 a factor of 289?
True
Is 11136 a multiple of 96?
True
Does 4 divide 1320?
True
Does 93 divide 119538?
False
Does 31 divide 37094?
False
Is 2919 a multiple of 21?
True
Does 16 divide 339?
False
Is 924 a multiple of 77?
True
Is 13 a factor of 1274?
True
Is 32 a factor of 1344?
True
Is 133 a multiple of 5?
False
Does 34 divide 101048?
True
Is 3 a factor of 7?
False
Is 30 a factor of 930?
True
Is 16 a factor of 15536?
True
Is 1884 a multiple of 18?
False
Does 108 divide 15220?
False
Is 58 a factor of 6719?
False
Is 27 a factor of 304?
False
Does 65 divide 2993?
False
Does 38 divide 7220?
True
Is 967 a multiple of 60?
False
Does 14 divide 31435?
False
Does 103 divide 2263?
False
Is 46 a factor of 105340?
True
Is 62 a factor of 23250?
True
Is 61 a factor of 4636?
True
Is 6 a factor of 3911?
False
Is 1243 a multiple of 26?
False
Is 264 a factor of 87648?
True
Is 65 a factor of 3191?
False
Is 6 a factor of 2364?
True
Is 22640 a multiple of 20?
True
Does 7 divide 3797?
False
Is 87 a factor of 783?
True
Is 7 a factor of 418?
False
Does 54 divide 6316?
False
Does 25 divide 3797?
False
Is 30 a factor of 13140?
True
Is 14 a factor of 3416?
True
Does 45 divide 18675?
True
Does 48 divide 3600?
True
Is 24304 a multiple of 31?
True
Is 39786 a multiple of 7?
False
Does 12 divide 1908?
True
Is 3108 a multiple of 74?
True
Is 103 a factor of 721?
True
Is 1164 a multiple of 12?
True
Is 10140 a multiple of 130?
True
Is 89 a factor of 5967?
False
Is 135 a factor of 21330?
True
Is 796 a multiple of 10?
False
Is 23482 a multiple of 59?
True
Does 68 divide 25296?
True
Does 120 divide 142?
False
Is 154 a factor of 15554?
True
Does 195 divide 10439?
False
Does 12 divide 2244?
True
Does 18 divide 2229?
False
Is 29 a factor of 74633?
False
Is 3342 a multiple of 11?
False
Is 3 a factor of 7605?
True
Is 64 a factor of 13248?
True
Does 9 divide 783?
True
Is 2 a factor of 3?
False
Is 71 a factor of 278?
False
Is 12 a multiple of 10?
False
Does 24 divide 120?
True
Does 22 divide 3124?
True
Is 81 a factor of 8100?
True
Is 10396 a multiple of 46?
True
Is 10 a factor of 1766?
False
Does 155 divide 9124?
False
Is 88 a factor of 1388?
False
Is 500 a multiple of 20?
True
Is 466 a multiple of 16?
False
Does 183 divide 36783?
True
Does 12 divide 321?
False
Is 1880 a multiple of 42?
False
Does 16 divide 356?
False
Is 141 a factor of 20163?
True
Does 11 divide 1493?
False
Is 50 a factor of 6800?
True
Does 15 divide 120?
True
Is 68244 a multiple of 94?
True
Is 16182 a multiple of 5?
False
Is 169 a factor of 35501?
False
Is 15 a factor of 690?
True
Is 41 a factor of 246?
True
Is 11 a factor of 693?
True
Is 18 a factor of 2550?
False
Is 4917 a multiple of 33?
True
Is 22 a factor of 7964?
True
Is 577 a multiple of 18?
False
Is 61623 a multiple of 123?
True
Does 51 divide 9149?
False
Does 9 divide 2169?
True
Does 17 divide 7829?
False
Is 48 a factor of 13632?
True
Does 17 divide 1932?
False
Is 104 a factor of 3328?
True
Does 63 divide 345?
False
Is 1638 a multiple of 35?
False
Is 4 a factor of 220?
True
Does 42 divide 13081?
False
Is 570 a multiple of 19?
True
Is 8235 a multiple of 30?
False
Is 1985 a multiple of 5?
True
Is 142 a factor of 13632?
True
Is 19 a factor of 133?
True
Is 30 a factor of 2190?
True
Does 13 divide 309?
False
Is 8977 a multiple of 22?
False
Is 4926 a multiple of 6?
True
Is 23 a factor of 2001?
True
Is 54563 a multiple of 72?
False
Is 79 a factor of 1106?
True
Is 13 a factor of 4316?
True
Is 9 a factor of 440?
False
Is 241 a factor of 75531?
False
Does 26 divide 56944?
False
Is 28 a factor of 11457?
False
Is 93 a factor of 2232?
True
Is 6596 a multiple of 10?
False
Does 122 divide 86180?
False
Is 11850 a multiple of 158?
True
Is 757 a multiple of 10?
False
Is 4371 a multiple of